9. Let f be v(29). What are the prime factors of (-8)/44*f + (-146800)/(-88)?
2, 3, 139
Let x be 128*-1*2/1. Let r = x + 526. List the prime factors of (42/(-4))/(-7) - r/(-4).
3, 23
Let l(i) = 2*i**3 - 54*i**2 - 56*i + 382. What are the prime factors of l(28)?
2, 191
Let x(f) = 657*f**3 + 3*f**2 + 2*f - 5. What are the prime factors of x(1)?
3, 73
Let b = -33462 - -85771. List the prime factors of b.
17, 181
Let s be 3*3/(-18) - 1098/4. Let a = 691 + s. What are the prime factors of a?
2, 13
Let k(z) = -z**2 + 43*z - 154. Let p be k(4). Suppose -w = 4*w - 5. Let n = p + w. What are the prime factors of n?
3
Let s(q) = -18*q**3 - 66*q**2 - 49*q - 93. List the prime factors of s(-15).
2, 3, 7757
Suppose p + 4*p - 90154 = 4*i, -18028 = -p - 2*i. What are the prime factors of p?
2, 3, 5, 601
Let u(r) = -52 + 94*r - 55*r - 51*r + 1. Suppose 5*z - 15 = 0, q - 2*q - 2 = 2*z. What are the prime factors of u(q)?
3, 5
Let t(s) = -s**3 + 26*s**2 + 27*s - 15. Let q be t(27). Let b(y) = 6*y**2 - 2*y**2 + 28 - 3*y**2 + 4*y. List the prime factors of b(q).
193
Let r be 372/(-5) + 12/30. Let m = 323 - r. List the prime factors of m.
397
What are the prime factors of (263730/(-2))/(-3) + (92 - 95)?
2, 41, 67
List the prime factors of ((-35965)/(-15))/((-27)/(-162)).
2, 7193
Let q(n) = -n**3 + 42*n**2 + 3*n - 780. List the prime factors of q(29).
2, 5
Let j = 15624 - 5217. What are the prime factors of j?
3, 3469
Let w be (-91 + 1)*(-2 - 50/(-4)). Let d = 182 - w. List the prime factors of d.
7, 23
Let l(w) be the second derivative of -w**4/12 + 3*w**3/2 - 2*w**2 - w. Let s be l(7). List the prime factors of 80 + (-4 + 1 - s/(-5)).
79
Suppose -15 = -6*d + 3*d. Suppose -4*r = v - 3*r - 409, 0 = -d*v - 2*r + 2048. List the prime factors of v.
2, 5, 41
Let u(i) = 9467*i**2 - 147*i + 146. List the prime factors of u(1).
2, 4733
Let a(x) = -x**3 + 8*x**2 - 6*x - 5. Let t be a(7). Suppose 5*n + 0 = t*b - 1, 5*n + 25 = 5*b. Let f = b - 3. List the prime factors of f.
5
Suppose 30 = 4*p + 5*n - 3*n, 0 = -5*p - 5*n + 50. Suppose 472 = p*k - 778. Suppose -30*v = -25*v - k. What are the prime factors of v?
2, 5
Let j(n) = -7*n + 141. Let s be j(27). Let y(f) = f**2 + 40*f + 111. List the prime factors of y(s).
3, 5, 11
Suppose -3*g - 124497 = -3*k, 3*k - 2*g - 123869 - 626 = 0. Suppose k = 44*j + 2601. What are the prime factors of j?
2, 13, 17
Suppose 5*g - 4*g - 354 = 0. Suppose 6*s - 2*s + 5*d = 1402, -s - 3*d = -g. Let n = s - 247. List the prime factors of n.
101
Let w(z) = 13*z**2 - 4*z + 1. Let b be w(-5). Let u = 623 - b. What are the prime factors of u?
277
Let k(z) = 54*z - 24. Suppose -6*m = -2*n + 16, -n - 2*n = 2*m - 2. What are the prime factors of k(n)?
2, 3, 7
Suppose -877 = -2*j + 367. Suppose -4*c = -4, 2*s - j = 3*c + 73. Suppose -3*n - 5*w + s = 0, w - 1 = -2. List the prime factors of n.
2, 59
Let t(f) = 152*f**2 + 27*f + 222. List the prime factors of t(-8).
2, 31, 157
Suppose -g - 1 = -3. Let w(s) = -s**3 - s**2 + 5*s - 2. Let a be w(g). List the prime factors of -3 - 194/a*2.
2, 47
List the prime factors of -13 + 63207 + 45/15.
63197
Let x(u) = -4316*u + 153. What are the prime factors of x(-9)?
3, 7, 619
Suppose 8*v - 501580 = -23*v. What are the prime factors of v?
2, 5, 809
Let k(b) = -111*b**3 + 2*b**2 + 56*b - 85. What are the prime factors of k(-7)?
2, 47, 401
Suppose -120017 + 50060 = -9*w. What are the prime factors of w?
3, 2591
Suppose -j = 81 + 5. Let q = j - -86. Suppose 742 = 4*d + 2*g, -5*g = -4*d - q*g + 763. List the prime factors of d.
11, 17
Suppose m - 3*b = 5297, 2*m + 10600 = 4*m - 4*b. What are the prime factors of m?
2, 7, 379
Let a be 0/1 + 5/5 + 9. Suppose 179*c + a = 184*c. Suppose 1722 = c*t + 12*t. What are the prime factors of t?
3, 41
Let t be 2/((-6)/(-9))*(-4 - -5). Suppose t*l - 9 = -3. Suppose -309 = -l*w - 87. What are the prime factors of w?
3, 37
Let z(d) = 411*d - 17. Let l be 6/9 + (-48)/(-9) + -5. List the prime factors of z(l).
2, 197
Let k(h) = 98*h**2 + 10*h - 243. List the prime factors of k(9).
3, 5, 173
Suppose 1097976 + 2239428 = 201*v. List the prime factors of v.
2, 7, 593
Suppose 45 = 10*r - 5. Suppose 3*o - o - 144 = -2*g, -g = r*o - 92. Suppose g = d + 3*l, 2*d - 7*d - l = -279. List the prime factors of d.
5, 11
Let u be -2*(-2)/(-3)*(-4 + 7). Let p(q) = -3*q - 32. Let k be p(u). List the prime factors of (6 - k) + (-3 - -3).
2, 13
Suppose 0 = -501*i + 2566803 + 22419570. List the prime factors of i.
53, 941
Let h be ((-137 - -1) + -1)*(-10 + 2). Let s = h - 759. List the prime factors of s.
337
Let f be 3*2 + 16/(-9 - -7). List the prime factors of 1348 + (-4 - f) + -2.
2, 3, 7
Let l = -4056 - -7908. What are the prime factors of (l/(-60))/((-6)/20)?
2, 107
Let n(b) be the third derivative of b**5/60 + 11*b**4/24 - b**3/2 + 30*b**2. Let c be n(-3). What are the prime factors of (-9)/c + 80/3?
3
Let x = -155 + 328. Suppose l + 0*l = 3*q + x, -2*q - 930 = -5*l. List the prime factors of l.
2, 47
Suppose 2*j - 29272 = -5*k, 4*j - 5*j = 4. List the prime factors of k.
2, 3, 61
Let y = -19080 + 38655. List the prime factors of y.
3, 5, 29
Suppose -45*q - 8*r - 23308 = -49*q, 0 = 5*q - 5*r - 29150. List the prime factors of q.
19, 307
Let a(i) = 3*i - 42. Let o be a(15). Suppose 0 = 9*c - o*c - 2652. What are the prime factors of c?
2, 13, 17
Let i(b) = -b**3 - 5*b**2 + b + 9. Let o be i(-5). Suppose 8*c - 20 = o. Suppose -n - c*n + 551 = -5*t, 2*t = -2*n + 280. List the prime factors of n.
139
List the prime factors of ((-12)/13)/((-158)/578201).
2, 3, 563
Suppose 0 = a + 5*i - 38731, 2*a + 2*i = 7567 + 69871. What are the prime factors of a?
2, 9679
Let n(z) = 8*z**2 + 23*z - 49. Suppose -3*a + 7 = 22, -4*a - 59 = -3*r. What are the prime factors of n(r)?
2, 3, 89
Let t(o) = -2*o**2 - 20*o - 45. Let q be t(-6). Suppose 0 = n + h - 757, q*n = -0*n + 4*h + 2299. List the prime factors of n.
761
Suppose f + 2 = 0, -3*z - 21*f + 131579 = -16*f. What are the prime factors of z?
3, 14621
Suppose 4*p - 2*m = 8*p - 58, 0 = p - 3*m - 18. Let h(t) = -t**2 + 15*t + 6. Let f be h(p). What are the prime factors of f/(-9) + (-96)/(-9)?
2, 5
Let q = 39 + -34. Suppose -4*z + 7*b - 3*b - 16 = 0, -2 = -z - q*b. What are the prime factors of 7*(z + (-2 - -9))?
2, 7
Let f = -293 - -3815. List the prime factors of f.
2, 3, 587
Let m be (-8)/((-224)/12) - 4876/(-7). Let h = m + -410. List the prime factors of h.
7, 41
Let z(m) = -2774*m - 1402. List the prime factors of z(-3).
2, 5, 173
What are the prime factors of 2/(-1)*129325/(-350)?
739
Suppose -614323 = -16*x + 112253. List the prime factors of x.
3, 15137
Let r = 219035 + -151851. List the prime factors of r.
2, 13, 17, 19
What are the prime factors of 71432/11 + ((-4)/58 - (-800)/3190)?
2, 17, 191
Let q = -25975 + 32194. List the prime factors of q.
3, 691
Let k be (-458)/9 - (-26)/(-234). Let d = 11 - k. List the prime factors of d.
2, 31
Suppose -208 = -5*m - j, 2*m - 3*m - 4*j = -53. Suppose 2*z + 2 = 3*d, d + m = -3*z - 4*d. What are the prime factors of z/(28/(-16)) + 104?
2, 3
Let s be 8 + (6 + 6993 - -4). What are the prime factors of s/5 + ((-24)/(-20))/(-6)?
2, 701
Suppose 2*y - 4 + 14 = 0, -r + 23 = -4*y. Suppose -b = 3 + r. List the prime factors of -3 - (-1 - -2) - b.
2
Suppose -3*w - 2 = 2*s, 17*w - 13*w + 5*s + 5 = 0. Suppose -3*c + 6*c - 4614 = 5*z, 2*c + z - 3076 = w. List the prime factors of c.
2, 769
Let o(x) = -20*x + 6 + 281*x + 17*x + 133 - 85. List the prime factors of o(3).
2, 3, 37
Let b be (((-648)/20)/3)/((-9)/(-30)). Suppose 0 = -a + 3*a + 20. What are the prime factors of (b/a)/(-1 - 168/(-165))?
2, 3, 11
Suppose 0*u - 2*u = 5*f - 9, 24 = -5*u + 3*f. Let x(g) = 78*g + 6. Let m be x(4). List the prime factors of u + (-3 + m)/5.
2, 3, 5
Let t = -1100 - -2231. Suppose 25*w = 28*w - t. What are the prime factors of w?
13, 29
Let d(s) = 9191*s + 220. List the prime factors of d(1).
3, 3137
Suppose -84*d + 888339 = -132261. What are the prime factors of d?
2, 3, 5
Suppose 26*d + 239610 = -34*d + 1090650. List the prime factors of d.
2, 3, 197
Suppose 0 = -11*n - 12*n + 19941. Suppose -2*d = -3*m + d + n, 2*m + 4*d - 584 = 0. What are the prime factors of m?
2, 5, 29
Let d = 10 + -14. Let q be (-1)/(d/(16 + 0)). Suppose -q*v - 3*n + 21